{"id":40508,"date":"2014-12-11T08:52:08","date_gmt":"2014-12-11T08:52:08","guid":{"rendered":"http:\/\/demo.select-themes.com\/bodega28\/?page_id=4"},"modified":"2023-10-16T19:13:37","modified_gmt":"2023-10-16T17:13:37","slug":"home","status":"publish","type":"page","link":"https:\/\/asistiq.pl\/","title":{"rendered":"Home"},"content":{"rendered":"<div class=\"wpb-content-wrapper\"><p>[vc_row row_type=&#8221;parallax&#8221; type=&#8221;grid&#8221; text_align=&#8221;left&#8221; background_image=&#8221;40878&#8243; full_screen_section_height=&#8221;no&#8221; section_height=&#8221;377&#8243;][vc_column][vc_separator type=&#8221;transparent&#8221; up=&#8221;135&#8243; down=&#8221;0&#8243;][vc_column_text]<\/p>\n<h2 style=\"text-align: center;\"><span style=\"color: #ffffff;\">Poznaj nas, nasz projekt<\/span><\/h2>\n<h2 style=\"text-align: center;\"><span style=\"color: #ffffff;\">i to co robimy.<\/span><\/h2>\n<p>[\/vc_column_text][vc_separator type=&#8221;transparent&#8221; up=&#8221;135&#8243; down=&#8221;0&#8243;][\/vc_column][\/vc_row][vc_row row_type=&#8221;row&#8221; use_row_as_full_screen_section=&#8221;no&#8221; type=&#8221;grid&#8221; oblique_section=&#8221;no&#8221; text_align=&#8221;center&#8221; padding_top=&#8221;120&#8243; padding_bottom=&#8221;85&#8243; css_animation=&#8221;&#8221;][vc_column width=&#8221;1\/4&#8243;]<span class=\"q_icon_shade q_icon_shortcode font_elegant circle pull-center q_icon_animation\"  style=\"border-width: 1px; border-style:solid;line-height:80px;width:80px;height:80px; \n            -webkit-transition: transform 0.2s ease 200ms, background-color 0.15s ease-out, border-color 0.15s ease-out, color 0.15s ease-out;\n            -moz-transition: -moz-transform 0.2s ease 200ms, background-color 0.15s ease-out, border-color 0.15s ease-out, color 0.15s ease-out;\n            -o-transition: -o-transform 0.2s ease 200ms, background-color 0.15s ease-out, border-color 0.15s ease-out, color 0.15s ease-out;\n            -ms-transition: -ms-transform 0.2s ease 200ms, background-color 0.15s ease-out, border-color 0.15s ease-out, color 0.15s ease-out;\n            transition: transform 0.2s ease 200ms, background-color 0.15s ease-out, border-color 0.15s ease-out, color 0.15s ease-out;\"><span aria-hidden=\"true\" class=\"qode_icon_font_elegant icon_house_alt \" style=\"line-height:80px;font-size: 28px; \n            -webkit-transition: transform 0.2s ease 200ms, background-color 0.15s ease-out, border-color 0.15s ease-out, color 0.15s ease-out;\n            -moz-transition: -moz-transform 0.2s ease 200ms, background-color 0.15s ease-out, border-color 0.15s ease-out, color 0.15s ease-out;\n            -o-transition: -o-transform 0.2s ease 200ms, background-color 0.15s ease-out, border-color 0.15s ease-out, color 0.15s ease-out;\n            -ms-transition: -ms-transform 0.2s ease 200ms, background-color 0.15s ease-out, border-color 0.15s ease-out, color 0.15s ease-out;\n            transition: transform 0.2s ease 200ms, background-color 0.15s ease-out, border-color 0.15s ease-out, color 0.15s ease-out;\" ><\/span><\/span>[vc_separator type=&#8221;transparent&#8221; up=&#8221;45&#8243; down=&#8221;0&#8243;][vc_column_text]<\/p>\n<h5 id=\"tw-target-text\" class=\"tw-data-text tw-text-large tw-ta\" dir=\"ltr\" data-placeholder=\"T\u0142umaczenie\"><span class=\"Y2IQFc\" lang=\"pl\">Otwarta przestrze\u0144<\/span><\/h5>\n<p>[\/vc_column_text][vc_separator type=&#8221;transparent&#8221; up=&#8221;25&#8243; down=&#8221;0&#8243;][vc_column_text]<a href=\"#\">przeczytaj wi\u0119cej &#8230;<\/a>[\/vc_column_text][vc_separator type=&#8221;transparent&#8221; up=&#8221;25&#8243; down=&#8221;0&#8243;][\/vc_column][vc_column width=&#8221;1\/4&#8243;]<span class=\"q_icon_shade q_icon_shortcode font_elegant circle pull-center q_icon_animation\"  style=\"border-width: 1px; border-style:solid;line-height:80px;width:80px;height:80px; \n            -webkit-transition: transform 0.2s ease 400ms, background-color 0.15s ease-out, border-color 0.15s ease-out, color 0.15s ease-out;\n            -moz-transition: -moz-transform 0.2s ease 400ms, background-color 0.15s ease-out, border-color 0.15s ease-out, color 0.15s ease-out;\n            -o-transition: -o-transform 0.2s ease 400ms, background-color 0.15s ease-out, border-color 0.15s ease-out, color 0.15s ease-out;\n            -ms-transition: -ms-transform 0.2s ease 400ms, background-color 0.15s ease-out, border-color 0.15s ease-out, color 0.15s ease-out;\n            transition: transform 0.2s ease 400ms, background-color 0.15s ease-out, border-color 0.15s ease-out, color 0.15s ease-out;\"><span aria-hidden=\"true\" class=\"qode_icon_font_elegant icon_briefcase \" style=\"line-height:80px;font-size: 28px; \n            -webkit-transition: transform 0.2s ease 400ms, background-color 0.15s ease-out, border-color 0.15s ease-out, color 0.15s ease-out;\n            -moz-transition: -moz-transform 0.2s ease 400ms, background-color 0.15s ease-out, border-color 0.15s ease-out, color 0.15s ease-out;\n            -o-transition: -o-transform 0.2s ease 400ms, background-color 0.15s ease-out, border-color 0.15s ease-out, color 0.15s ease-out;\n            -ms-transition: -ms-transform 0.2s ease 400ms, background-color 0.15s ease-out, border-color 0.15s ease-out, color 0.15s ease-out;\n            transition: transform 0.2s ease 400ms, background-color 0.15s ease-out, border-color 0.15s ease-out, color 0.15s ease-out;\" ><\/span><\/span>[vc_separator type=&#8221;transparent&#8221; up=&#8221;45&#8243; down=&#8221;0&#8243;][vc_column_text]<\/p>\n<div class=\"oSioSc\">\n<div id=\"tw-target\">\n<div id=\"kAz1tf\" class=\"g9WsWb\">\n<div id=\"tw-target-text-container\" class=\"tw-ta-container F0azHf tw-nfl\" tabindex=\"0\">\n<h5 id=\"tw-target-text\" class=\"tw-data-text tw-text-large tw-ta\" dir=\"ltr\" data-placeholder=\"T\u0142umaczenie\"><span class=\"Y2IQFc\" lang=\"pl\">Akceleratory<\/span><\/h5>\n<\/div>\n<\/div>\n<\/div>\n<\/div>\n<p>[\/vc_column_text][vc_separator type=&#8221;transparent&#8221; up=&#8221;25&#8243; down=&#8221;0&#8243;][vc_column_text]<a href=\"#\">przeczytaj wi\u0119cej &#8230;<\/a>[\/vc_column_text][vc_separator type=&#8221;transparent&#8221; up=&#8221;25&#8243; down=&#8221;0&#8243;][\/vc_column][vc_column width=&#8221;1\/4&#8243;]<span class=\"q_icon_shade q_icon_shortcode font_elegant circle pull-center q_icon_animation\"  style=\"border-width: 1px; border-style:solid;line-height:80px;width:80px;height:80px; \n            -webkit-transition: transform 0.2s ease 600ms, background-color 0.15s ease-out, border-color 0.15s ease-out, color 0.15s ease-out;\n            -moz-transition: -moz-transform 0.2s ease 600ms, background-color 0.15s ease-out, border-color 0.15s ease-out, color 0.15s ease-out;\n            -o-transition: -o-transform 0.2s ease 600ms, background-color 0.15s ease-out, border-color 0.15s ease-out, color 0.15s ease-out;\n            -ms-transition: -ms-transform 0.2s ease 600ms, background-color 0.15s ease-out, border-color 0.15s ease-out, color 0.15s ease-out;\n            transition: transform 0.2s ease 600ms, background-color 0.15s ease-out, border-color 0.15s ease-out, color 0.15s ease-out;\"><span aria-hidden=\"true\" class=\"qode_icon_font_elegant icon_mug \" style=\"line-height:80px;font-size: 28px; \n            -webkit-transition: transform 0.2s ease 600ms, background-color 0.15s ease-out, border-color 0.15s ease-out, color 0.15s ease-out;\n            -moz-transition: -moz-transform 0.2s ease 600ms, background-color 0.15s ease-out, border-color 0.15s ease-out, color 0.15s ease-out;\n            -o-transition: -o-transform 0.2s ease 600ms, background-color 0.15s ease-out, border-color 0.15s ease-out, color 0.15s ease-out;\n            -ms-transition: -ms-transform 0.2s ease 600ms, background-color 0.15s ease-out, border-color 0.15s ease-out, color 0.15s ease-out;\n            transition: transform 0.2s ease 600ms, background-color 0.15s ease-out, border-color 0.15s ease-out, color 0.15s ease-out;\" ><\/span><\/span>[vc_separator type=&#8221;transparent&#8221; up=&#8221;45&#8243; down=&#8221;0&#8243;][vc_column_text]<\/p>\n<h5>promocyjne godziny<\/h5>\n<p>[\/vc_column_text][vc_separator type=&#8221;transparent&#8221; up=&#8221;25&#8243; down=&#8221;0&#8243;][vc_column_text]<a href=\"#\">przeczytaj wi\u0119cej &#8230;<\/a>[\/vc_column_text][vc_separator type=&#8221;transparent&#8221; up=&#8221;25&#8243; down=&#8221;0&#8243;][\/vc_column][vc_column width=&#8221;1\/4&#8243;]<span class=\"q_icon_shade q_icon_shortcode font_elegant circle pull-center q_icon_animation\"  style=\"border-width: 1px; border-style:solid;line-height:80px;width:80px;height:80px; \n            -webkit-transition: transform 0.2s ease 800ms, background-color 0.15s ease-out, border-color 0.15s ease-out, color 0.15s ease-out;\n            -moz-transition: -moz-transform 0.2s ease 800ms, background-color 0.15s ease-out, border-color 0.15s ease-out, color 0.15s ease-out;\n            -o-transition: -o-transform 0.2s ease 800ms, background-color 0.15s ease-out, border-color 0.15s ease-out, color 0.15s ease-out;\n            -ms-transition: -ms-transform 0.2s ease 800ms, background-color 0.15s ease-out, border-color 0.15s ease-out, color 0.15s ease-out;\n            transition: transform 0.2s ease 800ms, background-color 0.15s ease-out, border-color 0.15s ease-out, color 0.15s ease-out;\"><span aria-hidden=\"true\" class=\"qode_icon_font_elegant icon_id-2 \" style=\"line-height:80px;font-size: 28px; \n            -webkit-transition: transform 0.2s ease 800ms, background-color 0.15s ease-out, border-color 0.15s ease-out, color 0.15s ease-out;\n            -moz-transition: -moz-transform 0.2s ease 800ms, background-color 0.15s ease-out, border-color 0.15s ease-out, color 0.15s ease-out;\n            -o-transition: -o-transform 0.2s ease 800ms, background-color 0.15s ease-out, border-color 0.15s ease-out, color 0.15s ease-out;\n            -ms-transition: -ms-transform 0.2s ease 800ms, background-color 0.15s ease-out, border-color 0.15s ease-out, color 0.15s ease-out;\n            transition: transform 0.2s ease 800ms, background-color 0.15s ease-out, border-color 0.15s ease-out, color 0.15s ease-out;\" ><\/span><\/span>[vc_separator type=&#8221;transparent&#8221; up=&#8221;45&#8243; down=&#8221;0&#8243;][vc_column_text]<\/p>\n<h5>Nasi Go\u015bcie<\/h5>\n<p>[\/vc_column_text][vc_separator type=&#8221;transparent&#8221; up=&#8221;25&#8243; down=&#8221;0&#8243;][vc_column_text]<a href=\"#\">przeczytaj wi\u0119cej &#8230;<\/a>[\/vc_column_text][vc_separator type=&#8221;transparent&#8221; up=&#8221;25&#8243; down=&#8221;0&#8243;][\/vc_column][\/vc_row][vc_row row_type=&#8221;parallax&#8221; type=&#8221;grid&#8221; text_align=&#8221;center&#8221; background_image=&#8221;40879&#8243; full_screen_section_height=&#8221;no&#8221; section_height=&#8221;440&#8243;][vc_column][vc_separator type=&#8221;transparent&#8221; up=&#8221;160&#8243; down=&#8221;0&#8243;]<div class='testimonials_holder clearfix'><div class=\"testimonials testimonials_carousel \" data-show-navigation=\"no\" data-show-navigation-arrows=\"no\" data-animation-speed=\"\" data-auto-rotate-slides=\"5\"><ul class=\"slides\"><li id=\"testimonials170\" class=\"testimonial_content center_align \"><div class=\"testimonial_content_inner\"><div class=\"testimonial_text_holder center_align\"><div class=\"testimonial_text_inner\"><p class=\"testimonial_text\" style='color:#ffffff;'>\"Po prostu uwielbiamy tworzy\u0107<br \/>nowe rzeczy\u201d<\/p><\/div><\/div><\/div><\/li><li id=\"testimonials169\" class=\"testimonial_content center_align \"><div class=\"testimonial_content_inner\"><div class=\"testimonial_text_holder center_align\"><div class=\"testimonial_text_inner\"><p class=\"testimonial_text\" style='color:#ffffff;'>\"Wprowadzili\u015bmy szereg<br \/>udanych aplikacji\u201d<\/p><\/div><\/div><\/div><\/li><li id=\"testimonials164\" class=\"testimonial_content center_align \"><div class=\"testimonial_content_inner\"><div class=\"testimonial_text_holder center_align\"><div class=\"testimonial_text_inner\"><p class=\"testimonial_text\" style='color:#ffffff;'>\"W<br \/>naszym centrum powsta\u0142o ponad 120 startup\u00f3w\u201d<\/p><\/div><\/div><\/div><\/li><\/ul><\/div><\/div>[vc_separator type=&#8221;transparent&#8221; up=&#8221;160&#8243; down=&#8221;0&#8243;][\/vc_column][\/vc_row][vc_row row_type=&#8221;row&#8221; use_row_as_full_screen_section=&#8221;no&#8221; type=&#8221;grid&#8221; oblique_section=&#8221;no&#8221; text_align=&#8221;left&#8221; padding_top=&#8221;100&#8243; padding_bottom=&#8221;65&#8243; css_animation=&#8221;&#8221;][vc_column width=&#8221;1\/2&#8243;][vc_column_text]<\/p>\n<h3>O nas i Wsp\u00f3\u0142pracownicy<\/h3>\n<p>[\/vc_column_text][vc_separator type=&#8221;transparent&#8221; up=&#8221;35&#8243; down=&#8221;0&#8243;][vc_column_text]Jeste\u015bmy zespo\u0142em profesjonalist\u00f3w, kt\u00f3rzy wierz\u0105 w si\u0142\u0119 wsp\u00f3\u0142pracy i razem tworz\u0105 znacz\u0105cy wp\u0142yw na biznes i otaczaj\u0105c\u0105 nas rzeczywisto\u015b\u0107. Nasza firma to miejsce, w kt\u00f3rym r\u00f3\u017cnorodno\u015b\u0107 talent\u00f3w, umiej\u0119tno\u015bci i perspektyw jest \u017ar\u00f3d\u0142em inspiracji i dynamizmu.<\/p>\n<p>Nasi wsp\u00f3\u0142pracownicy to fundament naszego sukcesu. Dzi\u0119ki ich zaanga\u017cowaniu, wiedzy i pasji osi\u0105gamy cele i tworzymy warto\u015b\u0107. Doceniamy ka\u017cdego cz\u0142onka naszego zespo\u0142u za ich wk\u0142ad i dedykacj\u0119.[\/vc_column_text][vc_separator type=&#8221;transparent&#8221; up=&#8221;35&#8243; down=&#8221;0&#8243;][\/vc_column][vc_column width=&#8221;1\/2&#8243;][vc_column_text]<\/p>\n<div class=\"oSioSc\">\n<div id=\"tw-target\">\n<div id=\"kAz1tf\" class=\"g9WsWb\">\n<div id=\"tw-target-text-container\" class=\"tw-ta-container F0azHf tw-nfl\" tabindex=\"0\">\n<h3 id=\"tw-target-text\" class=\"tw-data-text tw-text-large tw-ta\" dir=\"ltr\" data-placeholder=\"T\u0142umaczenie\"><span class=\"Y2IQFc\" lang=\"pl\">Z naszego do\u015bwiadczenia korzystaj\u0105<\/span><\/h3>\n<\/div>\n<\/div>\n<\/div>\n<\/div>\n<p>[\/vc_column_text][vc_separator type=&#8221;transparent&#8221; up=&#8221;35&#8243; down=&#8221;0&#8243;]<div class='q_progress_bar'><h6 class='progress_title_holder clearfix' style=''><span class='progress_title'>Projektanci i arty\u015bci<\/span><span class='progress_number_wrapper static'><span class='progress_number with_mark' style='color: #000000;font-size: 15px;font-weight: 700;'><span class='percent'>0<\/span><span class='down_arrow'><\/span><\/span><\/span><\/h6><div class='progress_content_outer' style='height: 18px;background-color: #dbdbdb;'><div data-percentage='33' class='progress_content' style='height: 18px;background-color: #365f74;'><\/div><\/div><\/div>[vc_separator type=&#8221;transparent&#8221; up=&#8221;20&#8243; down=&#8221;0&#8243;]<div class='q_progress_bar'><h6 class='progress_title_holder clearfix' style=''><span class='progress_title'>Ma\u0142y biznes<\/span><span class='progress_number_wrapper static'><span class='progress_number with_mark' style='color: #000000;font-size: 15px;font-weight: 700;'><span class='percent'>0<\/span><span class='down_arrow'><\/span><\/span><\/span><\/h6><div class='progress_content_outer' style='height: 18px;background-color: #dbdbdb;'><div data-percentage='47' class='progress_content' style='height: 18px;background-color: #365f74;'><\/div><\/div><\/div>[vc_separator type=&#8221;transparent&#8221; up=&#8221;20&#8243; down=&#8221;0&#8243;]<div class='q_progress_bar'><h6 class='progress_title_holder clearfix' style=''><span class='progress_title'>Przedsi\u0119biorcy<\/span><span class='progress_number_wrapper static'><span class='progress_number with_mark' style='color: #000000;font-size: 15px;font-weight: 700;'><span class='percent'>0<\/span><span class='down_arrow'><\/span><\/span><\/span><\/h6><div class='progress_content_outer' style='height: 18px;background-color: #dbdbdb;'><div data-percentage='77' class='progress_content' style='height: 18px;background-color: #365f74;'><\/div><\/div><\/div>[\/vc_column][\/vc_row][vc_row row_type=&#8221;parallax&#8221; type=&#8221;grid&#8221; text_align=&#8221;left&#8221; background_image=&#8221;40880&#8243; full_screen_section_height=&#8221;no&#8221; section_height=&#8221;360&#8243;][vc_column][vc_separator type=&#8221;transparent&#8221; up=&#8221;90&#8243; down=&#8221;0&#8243;][no_elements_holder number_of_columns=&#8221;four_columns&#8221;][no_elements_holder_item aligment=&#8221;left&#8221; animation_name=&#8221;fade_in&#8221; animation_delay=&#8221;300&#8243; advanced_animations=&#8221;no&#8221;]<div class=\"q_counter_holder  center\" style=\"\"><span class=\"counter  zero\" style=\"\">3<\/span><h6 class='counter_title' style=''>Aplikacje<\/h6><\/div>[\/no_elements_holder_item][no_elements_holder_item aligment=&#8221;left&#8221; animation_name=&#8221;fade_in&#8221; animation_delay=&#8221;600&#8243; advanced_animations=&#8221;no&#8221;]<div class=\"q_counter_holder  center\" style=\"\"><span class=\"counter  zero\" style=\"\">5<\/span><h6 class='counter_title' style=''>Projekty<\/h6><\/div>[\/no_elements_holder_item][no_elements_holder_item aligment=&#8221;left&#8221; animation_name=&#8221;fade_in&#8221; animation_delay=&#8221;900&#8243; advanced_animations=&#8221;no&#8221;]<div class=\"q_counter_holder  center\" style=\"\"><span class=\"counter  zero\" style=\"\">12<\/span><h6 class='counter_title' style=''>Przedsi\u0119biorcy<\/h6><\/div>[\/no_elements_holder_item][no_elements_holder_item aligment=&#8221;left&#8221; animation_name=&#8221;fade_in&#8221; animation_delay=&#8221;1200&#8243; advanced_animations=&#8221;no&#8221;]<div class=\"q_counter_holder  center\" style=\"\"><span class=\"counter  zero\" style=\"\">85<\/span><h6 class='counter_title' style=''>Awards<\/h6><\/div>[\/no_elements_holder_item][\/no_elements_holder][vc_separator type=&#8221;transparent&#8221; up=&#8221;90&#8243; down=&#8221;0&#8243;][\/vc_column][\/vc_row][vc_row row_type=&#8221;row&#8221; use_row_as_full_screen_section=&#8221;no&#8221; type=&#8221;full_width&#8221; oblique_section=&#8221;no&#8221; text_align=&#8221;center&#8221; padding_top=&#8221;80&#8243; css_animation=&#8221;&#8221;][vc_column][vc_column_text]<\/p>\n<h3 id=\"tw-target-text\" class=\"tw-data-text tw-text-large tw-ta\" dir=\"ltr\" data-placeholder=\"T\u0142umaczenie\"><span class=\"Y2IQFc\" lang=\"pl\">Niekt\u00f3rzy z naszych klient\u00f3w<\/span><\/h3>\n<p>[\/vc_column_text][vc_separator type=&#8221;transparent&#8221; up=&#8221;35&#8243; down=&#8221;0&#8243;][vc_column_text]S\u0105 rzetelni i wiarygodni w swoich transakcjach, co pomaga zminimalizowa\u0107 ryzyko dla firmy.<\/p>\n<p>Ci klienci nie szukaj\u0105 jednorazowych transakcji; s\u0105 zainteresowani budowaniem d\u0142ugotrwa\u0142ych relacji z firm\u0105.[\/vc_column_text][vc_separator type=&#8221;transparent&#8221; up=&#8221;80&#8243; down=&#8221;0&#8243;][no_elements_holder number_of_columns=&#8221;four_columns&#8221; items_float_left=&#8221;yes&#8221;][no_elements_holder_item aligment=&#8221;left&#8221; animation_name=&#8221;fade_in&#8221; animation_delay=&#8221;500&#8243; advanced_animations=&#8221;no&#8221;]<div class='q_team on_hover social_style_between'><div class='q_team_inner'><div class='q_team_image'><img src='https:\/\/asistiq.pl\/wp-content\/uploads\/2014\/12\/new-team-5.jpg' alt='' . esc_attr__( 'team_image', 'bodega-core' ) . '' \/><div class='q_team_social_holder in_center'  style='background-color:rgba(15,45,60,0.75);'><div class='q_team_social'><div class='q_team_social_inner'><div class='q_team_title_holder'><h5 class='q_team_name' style =\"color: #ffffff\">Evans Anderson<\/h5><h6 class='q_team_position' style =\"color: #ffffff;font-size: 15px;font-weight: 500;text-transform: none\">UI\/UX designer<\/h6><\/div><div class='q_team_social_wrapp'><\/div><\/div><\/div><\/div><\/div><\/div><\/div>[\/no_elements_holder_item][no_elements_holder_item aligment=&#8221;left&#8221; animation_name=&#8221;fade_in&#8221; animation_delay=&#8221;600&#8243; advanced_animations=&#8221;no&#8221;]<div class='q_team on_hover social_style_between'><div class='q_team_inner'><div class='q_team_image'><img src='https:\/\/asistiq.pl\/wp-content\/uploads\/2014\/12\/home-image-hover.jpg' alt='' . esc_attr__( 'team_image', 'bodega-core' ) . '' \/><div class='q_team_social_holder in_center'  style='background-color:rgba(15,45,60,0.75);'><div class='q_team_social'><div class='q_team_social_inner'><div class='q_team_title_holder'><h5 class='q_team_name' style =\"color: #ffffff\">John Osborne<\/h5><h6 class='q_team_position' style =\"color: #ffffff;font-size: 15px;font-weight: 500;text-transform: none\">Planning Analyst<\/h6><\/div><div class='q_team_social_wrapp'><\/div><\/div><\/div><\/div><\/div><\/div><\/div>[\/no_elements_holder_item][no_elements_holder_item aligment=&#8221;left&#8221; animation_name=&#8221;fade_in&#8221; animation_delay=&#8221;700&#8243; advanced_animations=&#8221;no&#8221;]<div class='q_team on_hover social_style_between'><div class='q_team_inner'><div class='q_team_image'><img src='https:\/\/asistiq.pl\/wp-content\/uploads\/2014\/12\/new-team-6.jpg' alt='' . esc_attr__( 'team_image', 'bodega-core' ) . '' \/><div class='q_team_social_holder in_center'  style='background-color:rgba(15,45,60,0.75);'><div class='q_team_social'><div class='q_team_social_inner'><div class='q_team_title_holder'><h5 class='q_team_name' style =\"color: #ffffff\">Perry Abbott<\/h5><h6 class='q_team_position' style =\"color: #ffffff;font-size: 15px;font-weight: 500;text-transform: none\">Recruiter<\/h6><\/div><div class='q_team_social_wrapp'><\/div><\/div><\/div><\/div><\/div><\/div><\/div>[\/no_elements_holder_item][no_elements_holder_item aligment=&#8221;left&#8221; animation_name=&#8221;fade_in&#8221; animation_delay=&#8221;800&#8243; advanced_animations=&#8221;no&#8221;]<div class='q_team on_hover social_style_between'><div class='q_team_inner'><div class='q_team_image'><img src='https:\/\/asistiq.pl\/wp-content\/uploads\/2014\/12\/s2.jpg' alt='' . esc_attr__( 'team_image', 'bodega-core' ) . '' \/><div class='q_team_social_holder in_center'  style='background-color:rgba(15,45,60,0.75);'><div class='q_team_social'><div class='q_team_social_inner'><div class='q_team_title_holder'><h5 class='q_team_name' style =\"color: #ffffff\">May Williamson<\/h5><h6 class='q_team_position' style =\"color: #ffffff;font-size: 15px;font-weight: 500;text-transform: none\">Data Scientist<\/h6><\/div><div class='q_team_social_wrapp'><\/div><\/div><\/div><\/div><\/div><\/div><\/div>[\/no_elements_holder_item][\/no_elements_holder][\/vc_column][\/vc_row][vc_row row_type=&#8221;row&#8221; use_row_as_full_screen_section=&#8221;no&#8221; type=&#8221;full_width&#8221; oblique_section=&#8221;no&#8221; text_align=&#8221;left&#8221; css_animation=&#8221;&#8221;][vc_column]<div class=\"call_to_action normal\" style=\"background-color: #f1f1f1;\"><div class=\"call_to_action_row_75_25 clearfix\" style=\"padding: 50px 60px 50px 60px;\"><div class=\"text_wrapper to_action_column1 to_action_cell\"><div class=\"call_to_action_text\" style=\"\"><\/p>\n<h4>Poznaj szczeg\u00f3\u0142y<\/h4>\n<p><\/div><\/div><div class=\"button_wrapper to_action_column2 to_action_cell\" style = \"text-align: right\"><a href=\"#\" class=\"qbutton \" target=\"_self\" style=\"color: #ffffff;border-width: 0px;border-radius: 25px;-moz-border-radius: 25px;-webkit-border-radius: 25px; background-color: #365f74;\"  data-hover-background-color='#444444' data-hover-color='#ffffff'>Przeczytaj wi\u0119cej ...<\/a><\/div><\/div><\/div>[\/vc_column][\/vc_row][vc_row row_type=&#8221;row&#8221; use_row_as_full_screen_section=&#8221;no&#8221; type=&#8221;full_width&#8221; oblique_section=&#8221;no&#8221; text_align=&#8221;left&#8221; css_animation=&#8221;&#8221;][vc_column][vc_column_text]<\/p>\n<p>[\/vc_column_text][\/vc_column][\/vc_row][vc_row row_type=&#8221;row&#8221; use_row_as_full_screen_section=&#8221;no&#8221; type=&#8221;full_width&#8221; oblique_section=&#8221;no&#8221; text_align=&#8221;left&#8221; css_animation=&#8221;&#8221;][vc_column][vc_column_text]<\/p>\n<p>[\/vc_column_text][\/vc_column][\/vc_row][vc_row row_type=&#8221;row&#8221; use_row_as_full_screen_section=&#8221;no&#8221; type=&#8221;full_width&#8221; oblique_section=&#8221;no&#8221; text_align=&#8221;left&#8221; css_animation=&#8221;&#8221;][vc_column][vc_column_text]<\/p>\n<p>[\/vc_column_text][\/vc_column][\/vc_row]<\/p>\n<p>&nbsp;<\/p>\n<p>&nbsp;<\/p>\n<\/div>","protected":false},"excerpt":{"rendered":"<p>[vc_row row_type=&#8221;parallax&#8221; type=&#8221;grid&#8221; text_align=&#8221;left&#8221; background_image=&#8221;40878&#8243; full_screen_section_height=&#8221;no&#8221; section_height=&#8221;377&#8243;][vc_column][vc_separator type=&#8221;transparent&#8221; up=&#8221;135&#8243; down=&#8221;0&#8243;][vc_column_text] Poznaj nas, nasz projekt i to co robimy. [\/vc_column_text][vc_separator type=&#8221;transparent&#8221; up=&#8221;135&#8243; down=&#8221;0&#8243;][\/vc_column][\/vc_row][vc_row row_type=&#8221;row&#8221; use_row_as_full_screen_section=&#8221;no&#8221; type=&#8221;grid&#8221; oblique_section=&#8221;no&#8221; text_align=&#8221;center&#8221; padding_top=&#8221;120&#8243; padding_bottom=&#8221;85&#8243; css_animation=&#8221;&#8221;][vc_column width=&#8221;1\/4&#8243;][vc_separator type=&#8221;transparent&#8221; up=&#8221;45&#8243; down=&#8221;0&#8243;][vc_column_text] Otwarta przestrze\u0144 [\/vc_column_text][vc_separator type=&#8221;transparent&#8221; up=&#8221;25&#8243; down=&#8221;0&#8243;][vc_column_text]przeczytaj wi\u0119cej &#8230;[\/vc_column_text][vc_separator type=&#8221;transparent&#8221; up=&#8221;25&#8243; down=&#8221;0&#8243;][\/vc_column][vc_column<\/p>\n","protected":false},"author":1,"featured_media":0,"parent":0,"menu_order":0,"comment_status":"open","ping_status":"open","template":"full_width.php","meta":{"footnotes":""},"class_list":["post-40508","page","type-page","status-publish","hentry"],"_links":{"self":[{"href":"https:\/\/asistiq.pl\/index.php\/wp-json\/wp\/v2\/pages\/40508","targetHints":{"allow":["GET"]}}],"collection":[{"href":"https:\/\/asistiq.pl\/index.php\/wp-json\/wp\/v2\/pages"}],"about":[{"href":"https:\/\/asistiq.pl\/index.php\/wp-json\/wp\/v2\/types\/page"}],"author":[{"embeddable":true,"href":"https:\/\/asistiq.pl\/index.php\/wp-json\/wp\/v2\/users\/1"}],"replies":[{"embeddable":true,"href":"https:\/\/asistiq.pl\/index.php\/wp-json\/wp\/v2\/comments?post=40508"}],"version-history":[{"count":39,"href":"https:\/\/asistiq.pl\/index.php\/wp-json\/wp\/v2\/pages\/40508\/revisions"}],"predecessor-version":[{"id":41538,"href":"https:\/\/asistiq.pl\/index.php\/wp-json\/wp\/v2\/pages\/40508\/revisions\/41538"}],"wp:attachment":[{"href":"https:\/\/asistiq.pl\/index.php\/wp-json\/wp\/v2\/media?parent=40508"}],"curies":[{"name":"wp","href":"https:\/\/api.w.org\/{rel}","templated":true}]}}