{"id":40604,"date":"2023-09-26T19:25:09","date_gmt":"2023-09-26T17:25:09","guid":{"rendered":"https:\/\/asistiq.pl\/?page_id=40604"},"modified":"2023-10-15T15:19:06","modified_gmt":"2023-10-15T13:19:06","slug":"klienci","status":"publish","type":"page","link":"https:\/\/asistiq.pl\/index.php\/klienci\/","title":{"rendered":"Klienci"},"content":{"rendered":"<div class=\"wpb-content-wrapper\"><p>[vc_row row_type=&#8221;row&#8221; use_row_as_full_screen_section=&#8221;no&#8221; type=&#8221;grid&#8221; oblique_section=&#8221;no&#8221; text_align=&#8221;center&#8221; padding_top=&#8221;75&#8243; padding_bottom=&#8221;80&#8243; css_animation=&#8221;&#8221;][vc_column][vc_column_text]<\/p>\n<h3 id=\"tw-target-text\" class=\"tw-data-text tw-text-large tw-ta\" dir=\"ltr\" data-placeholder=\"T\u0142umaczenie\"><span class=\"Y2IQFc\" lang=\"pl\">Dlaczego warto si\u0119 zarejestrowa\u0107?<\/span><\/h3>\n<p>[\/vc_column_text][vc_separator type=&#8221;transparent&#8221; up=&#8221;35&#8243; down=&#8221;0&#8243;][vc_column_text]<\/p>\n<p style=\"text-align: left;\">Rejestracja w serwisie ma wiele korzy\u015bci zar\u00f3wno dla klient\u00f3w, jak i dla firmy. Oto kilka powod\u00f3w, dlaczego warto rozwa\u017cy\u0107 rejestracj\u0119 w waszym serwisie:<\/p>\n<ol>\n<li style=\"text-align: left;\"><strong>Dost\u0119p do ekskluzywnych tre\u015bci lub us\u0142ug:<\/strong> Rejestracja mo\u017ce dawa\u0107 u\u017cytkownikom dost\u0119p do tre\u015bci, produkt\u00f3w lub us\u0142ug, kt\u00f3re s\u0105 dost\u0119pne tylko dla zarejestrowanych u\u017cytkownik\u00f3w. To mo\u017ce stanowi\u0107 zach\u0119t\u0119 do korzystania z waszego serwisu.<\/li>\n<li style=\"text-align: left;\"><strong>Personalizacja do\u015bwiadczenia:<\/strong> Kiedy u\u017cytkownicy si\u0119 rejestruj\u0105, mog\u0105 dostarczy\u0107 informacje o swoich preferencjach i zainteresowaniach. To pozwala dostosowa\u0107 tre\u015bci i sugestie do ich potrzeb, co sprawia, \u017ce korzystanie z serwisu jest bardziej satysfakcjonuj\u0105ce.<\/li>\n<li style=\"text-align: left;\"><strong>\u0141atwiejsza obs\u0142uga klienta:<\/strong> Rejestracja umo\u017cliwia firmie identyfikacj\u0119 u\u017cytkownik\u00f3w i dostarczenie im lepszej obs\u0142ugi klienta. Mo\u017cecie szybciej rozwi\u0105zywa\u0107 problemy i odpowiada\u0107 na pytania zarejestrowanych u\u017cytkownik\u00f3w.<\/li>\n<li style=\"text-align: left;\"><strong>Zam\u00f3wienia i \u015bledzenie historii transakcji:<\/strong> Dla firm sprzedaj\u0105cych produkty online rejestracja pozwala u\u017cytkownikom \u015bledzi\u0107 histori\u0119 swoich zam\u00f3wie\u0144, sprawdzi\u0107 status dostawy i \u0142atwiej dokonywa\u0107 kolejnych zakup\u00f3w.<\/li>\n<li style=\"text-align: left;\"><strong>Wiarygodno\u015b\u0107 i zaufanie:<\/strong> Zarejestrowani u\u017cytkownicy cz\u0119sto wydaj\u0105 si\u0119 bardziej wiarygodni, co mo\u017ce zwi\u0119ksza\u0107 zaufanie innych u\u017cytkownik\u00f3w i potencjalnych klient\u00f3w do waszej firmy.<\/li>\n<li style=\"text-align: left;\"><strong>Newslettery i powiadomienia:<\/strong> Dzi\u0119ki rejestracji mo\u017cecie regularnie informowa\u0107 u\u017cytkownik\u00f3w o nowo\u015bciach, promocjach i aktualizacjach. To pomaga utrzyma\u0107 kontakt z klientami i zwi\u0119kszy\u0107 szanse na sprzeda\u017c.<\/li>\n<li style=\"text-align: left;\"><strong>Programy lojalno\u015bciowe:<\/strong> Mo\u017cecie oferowa\u0107 zarejestrowanym u\u017cytkownikom programy lojalno\u015bciowe, w ramach kt\u00f3rych zbieraj\u0105 punkty lub rabaty za cz\u0119ste zakupy lub aktywno\u015b\u0107 na serwisie.<\/li>\n<li style=\"text-align: left;\"><strong>Zabezpieczenie danych:<\/strong> Rejestracja umo\u017cliwia firmie lepsz\u0105 kontrol\u0119 nad danymi u\u017cytkownik\u00f3w i zabezpieczenie ich przed dost\u0119pem os\u00f3b trzecich.<\/li>\n<li style=\"text-align: left;\"><strong>Wsparcie techniczne:<\/strong> Zarejestrowani u\u017cytkownicy mog\u0105 otrzymywa\u0107 bardziej spersonalizowane wsparcie techniczne w razie problem\u00f3w z serwisem lub produktem.<\/li>\n<li style=\"text-align: left;\"><strong>U\u0142atwienie procesu zakupowego:<\/strong> Rejestracja pozwala u\u017cytkownikom zapisywa\u0107 swoje dane dostawy i p\u0142atno\u015bci, co skraca czas potrzebny na dokonywanie zakup\u00f3w.<span style=\"color: #7f7f7f;\"><br \/>\n<\/span><\/li>\n<\/ol>\n<p>[\/vc_column_text][\/vc_column][\/vc_row][vc_row row_type=&#8221;parallax&#8221; type=&#8221;grid&#8221; text_align=&#8221;right&#8221; background_image=&#8221;40876&#8243; full_screen_section_height=&#8221;no&#8221; section_height=&#8221;550&#8243;][vc_column width=&#8221;2\/3&#8243;][vc_separator type=&#8221;transparent&#8221; up=&#8221;115&#8243; down=&#8221;0&#8243;][vc_column_text]<\/p>\n<h3 style=\"text-align: left;\"><span style=\"color: #ffffff;\">Zasady i Regulacje<\/span><\/h3>\n<p>[\/vc_column_text][vc_separator type=&#8221;transparent&#8221; up=&#8221;45&#8243; down=&#8221;0&#8243;][vc_column_text]<\/p>\n<p style=\"text-align: left;\"><span style=\"color: #ffffff;\">Rozporz\u0105dzenie Og\u00f3lne o Ochronie Danych Osobowych w kontek\u015bcie rejestracji:<br \/>\nPouczenie i zgoda: Organizacja lub us\u0142ugodawca, kt\u00f3ry gromadzi dane osobowe podczas procesu rejestracji, musi jasno poinformowa\u0107 u\u017cytkownika o celu gromadzenia tych danych oraz o swoim prawnym podstawieniu do ich przetwarzania. U\u017cytkownik musi wyrazi\u0107 zgod\u0119 na przetwarzanie swoich danych osobowych w okre\u015blonych celach.<br \/>\n<\/span><\/p>\n<p>[\/vc_column_text][vc_separator type=&#8221;transparent&#8221; up=&#8221;115&#8243; down=&#8221;0&#8243;][\/vc_column][vc_column width=&#8221;1\/3&#8243;][vc_separator type=&#8221;transparent&#8221; up=&#8221;115&#8243; down=&#8221;0&#8243;][vc_column_text]<\/p>\n<h3 style=\"text-align: left;\"><span style=\"color: #ffffff;\">Zapisz si\u0119<\/span><\/h3>\n<p>[\/vc_column_text][vc_separator type=&#8221;transparent&#8221; up=&#8221;40&#8243; down=&#8221;0&#8243;]\n<div class=\"wpcf7 no-js\" id=\"wpcf7-f141-o1\" lang=\"en-US\" dir=\"ltr\" data-wpcf7-id=\"141\">\n<div class=\"screen-reader-response\"><p role=\"status\" aria-live=\"polite\" aria-atomic=\"true\"><\/p> <ul><\/ul><\/div>\n<form action=\"\/index.php\/wp-json\/wp\/v2\/pages\/40604#wpcf7-f141-o1\" method=\"post\" class=\"wpcf7-form init cf7_custom_style_1\" aria-label=\"Contact form\" novalidate=\"novalidate\" data-status=\"init\">\n<fieldset class=\"hidden-fields-container\"><input type=\"hidden\" name=\"_wpcf7\" value=\"141\" \/><input type=\"hidden\" name=\"_wpcf7_version\" value=\"6.1.1\" \/><input type=\"hidden\" name=\"_wpcf7_locale\" value=\"en_US\" \/><input type=\"hidden\" name=\"_wpcf7_unit_tag\" value=\"wpcf7-f141-o1\" \/><input type=\"hidden\" name=\"_wpcf7_container_post\" value=\"0\" \/><input type=\"hidden\" name=\"_wpcf7_posted_data_hash\" value=\"\" \/>\n<\/fieldset>\n<p><span class=\"wpcf7-form-control-wrap\" data-name=\"first-name\"><input size=\"40\" maxlength=\"400\" class=\"wpcf7-form-control wpcf7-text wpcf7-validates-as-required\" aria-required=\"true\" aria-invalid=\"false\" placeholder=\"Imi\u0119*\" value=\"\" type=\"text\" name=\"first-name\" \/><\/span>\n<\/p>\n<p><span class=\"wpcf7-form-control-wrap\" data-name=\"last-name\"><input size=\"40\" maxlength=\"400\" class=\"wpcf7-form-control wpcf7-text wpcf7-validates-as-required\" aria-required=\"true\" aria-invalid=\"false\" placeholder=\"Nazwisko*\" value=\"\" type=\"text\" name=\"last-name\" \/><\/span>\n<\/p>\n<p><span class=\"wpcf7-form-control-wrap\" data-name=\"email\"><input size=\"40\" maxlength=\"400\" class=\"wpcf7-form-control wpcf7-email wpcf7-validates-as-required wpcf7-text wpcf7-validates-as-email\" aria-required=\"true\" aria-invalid=\"false\" placeholder=\"Adres E-mail*\" value=\"\" type=\"email\" name=\"email\" \/><\/span>\n<\/p>\n<p><span class=\"wpcf7-form-control-wrap bwscaptcha-647\"><input style=\"display:none;\" class=\"wpcf7-form-control wpcf7-bwscaptcha\" aria-required=\"true\" type=\"text\" name=\"bwscaptcha-647\" value=\"\" \/><p class=\"cptch_block\"><span class=\"cptch_wrap cptch_slide\">\n\t\t\t\t<label class=\"cptch_label\" for=\"cptch_input_96\"><div id=\"cptch_slide_captcha_container\"><\/div><input type=\"hidden\" name=\"cptch_time\" value=\"1776344916\" \/>\n\t\t\t\t\t<input type=\"hidden\" name=\"cptch_form\" value=\"cf7_contact\" \/>\n\t\t\t\t<\/label><\/span><\/p><\/span>\n<\/p>\n<p><input class=\"wpcf7-form-control wpcf7-submit has-spinner\" type=\"submit\" value=\"Wy\u015blij\" \/>\n<\/p><div class=\"wpcf7-response-output\" aria-hidden=\"true\"><\/div>\n<\/form>\n<\/div>\n[vc_separator type=&#8221;transparent&#8221; up=&#8221;45&#8243; down=&#8221;0&#8243;][\/vc_column][\/vc_row][vc_row row_type=&#8221;row&#8221; use_row_as_full_screen_section=&#8221;no&#8221; type=&#8221;full_width&#8221; oblique_section=&#8221;no&#8221; text_align=&#8221;left&#8221; css_animation=&#8221;&#8221;][vc_column][vc_column_text]<\/p>\n<p>[\/vc_column_text][\/vc_column][\/vc_row][vc_row row_type=&#8221;row&#8221; use_row_as_full_screen_section=&#8221;no&#8221; type=&#8221;full_width&#8221; oblique_section=&#8221;no&#8221; text_align=&#8221;left&#8221; css_animation=&#8221;&#8221;][vc_column][vc_column_text]<\/p>\n<p>[\/vc_column_text][\/vc_column][\/vc_row][vc_row row_type=&#8221;row&#8221; use_row_as_full_screen_section=&#8221;no&#8221; type=&#8221;full_width&#8221; oblique_section=&#8221;no&#8221; text_align=&#8221;left&#8221; css_animation=&#8221;&#8221;][vc_column][vc_column_text]<\/p>\n<p>[\/vc_column_text][\/vc_column][\/vc_row]<\/p>\n<\/div>","protected":false},"excerpt":{"rendered":"<p>[vc_row row_type=&#8221;row&#8221; use_row_as_full_screen_section=&#8221;no&#8221; type=&#8221;grid&#8221; oblique_section=&#8221;no&#8221; text_align=&#8221;center&#8221; padding_top=&#8221;75&#8243; padding_bottom=&#8221;80&#8243; css_animation=&#8221;&#8221;][vc_column][vc_column_text] Dlaczego warto si\u0119 zarejestrowa\u0107? [\/vc_column_text][vc_separator type=&#8221;transparent&#8221; up=&#8221;35&#8243; down=&#8221;0&#8243;][vc_column_text] Rejestracja w serwisie ma wiele korzy\u015bci zar\u00f3wno dla klient\u00f3w, jak i dla firmy. Oto kilka powod\u00f3w, dlaczego warto rozwa\u017cy\u0107 rejestracj\u0119 w waszym serwisie: Dost\u0119p do ekskluzywnych tre\u015bci lub<\/p>\n","protected":false},"author":1,"featured_media":0,"parent":0,"menu_order":0,"comment_status":"open","ping_status":"closed","template":"full_width.php","meta":{"footnotes":""},"class_list":["post-40604","page","type-page","status-publish","hentry"],"_links":{"self":[{"href":"https:\/\/asistiq.pl\/index.php\/wp-json\/wp\/v2\/pages\/40604","targetHints":{"allow":["GET"]}}],"collection":[{"href":"https:\/\/asistiq.pl\/index.php\/wp-json\/wp\/v2\/pages"}],"about":[{"href":"https:\/\/asistiq.pl\/index.php\/wp-json\/wp\/v2\/types\/page"}],"author":[{"embeddable":true,"href":"https:\/\/asistiq.pl\/index.php\/wp-json\/wp\/v2\/users\/1"}],"replies":[{"embeddable":true,"href":"https:\/\/asistiq.pl\/index.php\/wp-json\/wp\/v2\/comments?post=40604"}],"version-history":[{"count":9,"href":"https:\/\/asistiq.pl\/index.php\/wp-json\/wp\/v2\/pages\/40604\/revisions"}],"predecessor-version":[{"id":40883,"href":"https:\/\/asistiq.pl\/index.php\/wp-json\/wp\/v2\/pages\/40604\/revisions\/40883"}],"wp:attachment":[{"href":"https:\/\/asistiq.pl\/index.php\/wp-json\/wp\/v2\/media?parent=40604"}],"curies":[{"name":"wp","href":"https:\/\/api.w.org\/{rel}","templated":true}]}}